1
Suppose 4*y = 7*g - 2*g - 765, -3*y = 2*g - 306. What is the remainder when 293 is divided by g?
140
Suppose -n + 5*n + 59 = 3*d, -d - 2 = 3*n. What is the remainder when 43 is divided by d?
4
Let u(a) = 5*a**3 + a. Suppose -2 = 2*b - 8. Let x(m) = 3*m. Calculate the remainder when x(b) is divided by u(1).
3
Let y = 32 + -5. Calculate the remainder when 118 is divided by y.
10
Let i = 1193 + -1174. What is the remainder when i is divided by 8?
3
Let w = 686 - 672. Let a = -61 - -88. What is the remainder when a is divided by w?
13
Suppose -22*x = -18*x - 80. Suppose -x - 34 = -6*z. Calculate the remainder when z is divided by 5.
4
Let n(k) = 2*k**3 + k**2 + k - 1. Let w(g) = 2*g - 14. Let r be (0 - 2)/(3/(-12)). Let j be w(r). Calculate the remainder when n(j) is divided by 8.
5
Suppose 0 = -3*t + 2*t - 2*p + 9, -5*p = -3*t + 5. Suppose -60 - t = -5*w. Suppose -w = -2*f + 7. Calculate the remainder when 17 is divided by f.
7
Suppose -3*a + 20 = 5*l - 0, 3 = 3*l. What is the remainder when (81/(-12))/((-12)/32) is divided by a?
3
Let q(r) = 11*r - 45. What is the remainder when q(44) is divided by 26?
23
Suppose 0 = 5*f - 191 - 39. What is the remainder when f is divided by ((-30)/(-75))/(3*3/360)?
14
Let d = 5 + -12. Let g = 16 - d. What is the remainder when (-1)/((-20)/(-55))*-16 is divided by g?
21
What is the remainder when 10/(-1)*(-11 - 2) is divided by 48?
34
Suppose 8*v - 42 = 22. What is the remainder when 11 is divided by 12/(-8)*v/(-6) + 3?
1
Calculate the remainder when 1 - ((4 - (5 + -4)) + -81) is divided by 14.
9
Suppose 3*c + 3*v + 0*v - 36 = 0, 4*c = v + 33. Let s = 3 + c. What is the remainder when 34 is divided by s?
10
Let f be 16/24 - 30/(-9). Suppose 4*v - 44 = -f*w, -27 - 55 = -5*v + 4*w. Calculate the remainder when 27 is divided by v.
13
Suppose -4*d + 240 = -5*p, -p - 295 = -4*d - 39. What is the remainder when d is divided by 24?
17
Let d = 15 - -24. Suppose 3*y - d - 17 = -5*i, 4*i + 5*y = 37. Let f(b) = 2*b**2 + 5*b + 6. What is the remainder when f(-6) is divided by i?
9
Let l(j) = 2*j**2 - 7*j + 13. Let h be l(6). Let o = h + -31. What is the remainder when 34 is divided by o?
10
Let f(v) = v**2 - 4*v + 3. Let p be f(4). Suppose p*s = 4*t + 8*s - 52, 2*s = 4*t - 80. What is the remainder when 52 is divided by t?
16
Suppose 1095 - 1179 = -7*m. Calculate the remainder when 126 is divided by m.
6
Let p = -45 - -63. What is the remainder when 95 is divided by p?
5
Let u = 212 - 143. Suppose -35 = -2*q - 4*j + u, 3*q - 165 = 3*j. Suppose -v = o - 6 - 17, 5*o = 4*v + 79. What is the remainder when q is divided by o?
16
Let w be -15*(-1 + (-12)/(-20)). What is the remainder when 39 is divided by (-39)/26*(-92)/w?
16
Let l = 106 - 59. Let m = l - 5. Calculate the remainder when m is divided by 15.
12
Let f = -10 + 38. Suppose 2*g - f = 4*p, 2*g - 3*p - 24 - 1 = 0. What is the remainder when 23 is divided by g?
7
Let j = 201 - 162. What is the remainder when 70 is divided by j?
31
Let k(p) = -p**3 - 7*p**2 - 9*p - 15. Let w be k(-6). Suppose w*t = 50 - 26. What is the remainder when 18 is divided by t?
2
Suppose 0 = -943*i + 938*i + 50. Suppose 0 = -3*r - 2 + 20. What is the remainder when i is divided by r?
4
Let n(b) = 2*b**2 - 89*b - 70. What is the remainder when n(48) is divided by 97?
72
Suppose 21*y + 20 = 26*y. What is the remainder when 167 is divided by y?
3
Suppose -2*v + 2*n + 2 = -60, 16 = v - 4*n. Let c be 4/(-18) - (-1052)/v. Suppose 4*g = c + 39. Calculate the remainder when 48 is divided by g.
14
Suppose -14*j + 11*j = -360. Suppose -2*t + 0*q = 2*q - j, 3*t + 4*q = 180. What is the remainder when t is divided by 21?
18
What is the remainder when (3458/(-104))/(4/(-16)) is divided by 8?
5
Let r(a) be the first derivative of 6*a**3 + a**2/2 - 25. What is the remainder when 47 is divided by r(-1)?
13
Suppose -3*u = 3*z - 42, -z = 3*u + 3*z - 40. Calculate the remainder when u is divided by 21/56 - (-185)/40.
1
Let u = -16 + 21. Suppose -u*p + 20 = -p. Calculate the remainder when 18 is divided by p.
3
Let b(a) = a**3 - 14*a**2 + 14*a - 3. Suppose 3*k + 0*k = 39. Suppose 34 = 62*v - 60*v. Calculate the remainder when v is divided by b(k).
7
Let w(q) = -q**3 + 6*q**2 + 18*q - 93. Suppose -4*x = -2 - 314. Calculate the remainder when x is divided by w(5).
13
Suppose -2*m + 3*u = -35, -m + 3*u + 18 = -7. What is the remainder when 116 is divided by m?
6
Let b be (1/2)/(2/(-4)). Suppose 0 = -3*m - 2*m. What is the remainder when 55 is divided by 2 - b - (m + -11)?
13
Suppose -a = -g - 68 - 48, -a = 2*g - 122. What is the remainder when a is divided by 372/(17 - 5) + -1*1?
28
Let d be 14/(-10) - -1 - 3258/(-45). Let o = 15 + d. What is the remainder when o is divided by 6?
3
Suppose 5*m + z - 107 = 0, -4*m + 5*z + 50 + 24 = 0. What is the remainder when 184 is divided by m?
16
Let z(i) = -i**3 + 8*i**2 + 3. Let d be z(8). Suppose 3*o + o + 33 = k, 25 = -d*o + k. What is the remainder when 44 is divided by (o + -3)/(-1) + -2?
8
Suppose 4*b + 3*t - 29 = 23, 2*t = -3*b + 38. Suppose p - 2 + b = 0. Let s(q) = -3*q - 11. What is the remainder when 38 is divided by s(p)?
12
Let u(v) = 19*v + 6 + 5 - 7*v - 15. Calculate the remainder when u(8) is divided by 8.
4
Let n(u) = 5*u**2 - 4*u**2 + 1 + u + 0 - 2. Let x be n(2). Suppose 0 = -4*w - 5*o + 48, x*w + 2*o = -o + 60. Calculate the remainder when 34 is divided by w.
10
Suppose 12*y + 201 = -111. What is the remainder when 7 is divided by (-10)/(-65) - 126/y?
2
Let r = 339 - 333. What is the remainder when 130 is divided by r?
4
Let r(t) = t**3 + 11*t**2 + 19*t + 16. What is the remainder when 74 is divided by r(-9)?
4
Suppose 2*p + 3*g = 9, -p - 5*g = -g - 2. Let k = -4 + p. Let f(h) = 178*h + 892. Calculate the remainder when f(-5) is divided by k.
0
Let d be 13 - (-6)/(-2) - -2. Let n = d - 10. Suppose 2*y = -4*b + 96, -n*y = -y + 2. Calculate the remainder when 49 is divided by b.
24
Suppose -82 = 15*b - 1522. What is the remainder when b is divided by 35?
26
Suppose 1 = j - 26. Let d(x) = 2*x + 2. Calculate the remainder when j is divided by d(7).
11
Let o(v) = -11*v - 249. What is the remainder when 596 is divided by o(-25)?
24
Let l(w) = 5*w. Suppose 0 = r - 2*g + 7 - 26, -r = -4*g - 27. What is the remainder when r is divided by l(1)?
1
Let l be (-14)/6 - (-6)/18. Let j be (125/10)/(l/(-16)). Suppose j = -2*x + 7*x. Calculate the remainder when 99 is divided by x.
19
Let y = 94 - 68. What is the remainder when 285 is divided by y?
25
Let v(j) = -j + 5. Let r be v(0). Suppose -8 = 4*t, 0*t - 92 = -r*z - 4*t. What is the remainder when 91 is divided by z?
11
Let u = -468 - -696. Calculate the remainder when u is divided by 33.
30
Suppose -4*x + 0*x = -5*o - 20, 2*x = -o - 4. Suppose 5*u + 30 = -5*t, -2*u - 2*t + 12 = -6*t. Let c = x - u. Calculate the remainder when 2 is divided by c.
0
Suppose 0 = -2*v + 4, v - 6*v + 12 = 2*h. Let y(k) = k**3 - 3*k**2 + 4*k - 6. Calculate the remainder when y(4) is divided by -4 + (60/3 - (h + 1)).
12
Suppose 16*d - 13*d = -15. Let j = 20 + d. Let s(h) = h - 11. What is the remainder when 5 is divided by s(j)?
1
Suppose 3*l - 5*y = 149, 4*l - 3*y = 67 + 117. Suppose -7*o = -8*o + l. Suppose -5*m = -112 - o. Calculate the remainder when m is divided by 16.
15
Let h(j) = -j**3 - 10*j**2 - 13*j + 2. Let s(g) = 4*g**2 - 54*g - 8. Calculate the remainder when h(-9) is divided by s(14).
18
Let g be (3 + (-32)/12)/(2/12). Suppose -2*k + y + 25 = 0, -k + 15 = g*k + 3*y. What is the remainder when k is divided by 6?
4
Let p = -36 + 62. Suppose 4*g = -15 - 25. Let w = p + g. Calculate the remainder when 46 is divided by w.
14
Let x = -332 - -536. Calculate the remainder when 78 is divided by (-4)/6 - 9/((-81)/x).
12
Suppose 27*b = 15*b - 14*b + 754. Let z = 144 - 58. What is the remainder when z is divided by b?
28
Let z(l) = -l**2 + 16*l + 42. Let x be z(18). Let o(h) = 11*h - 57. What is the remainder when 14 is divided by o(x)?
5
Let g = 51 + -29. Calculate the remainder when (7 - (-585)/10) + (-3)/6 is divided by g.
21
Let z be (-18)/(-12)*2*1. Suppose 2*t = -0*t + 6, -3*t + 39 = z*h. Suppose 8*y + 4*l = 4*y + 40, 1 = -2*y + 5*l. What is the remainder when h is divided by y?
3
Let o(v) = v**2 - 8*v + 21. Let r be o(4). Suppose 0